17 - (11 - 8)) + -6
8
What is (-2 - -8) + (0 - -1) + -17?
-10
What is 9 + -6 + (0 - (2 + -6 + 1))?
6
Calculate -5 + -4 - 16 - -21.
-4
What is (11 - -10) + -13 + -17 + 3?
-6
Evaluate 14 - (11 - (13 + -7)).
9
Evaluate -21 + -21 - (-45 - -35).
-32
What is (-19 - 0) + 53 + -77 + 13?
-30
Evaluate 11 - (1 + 0) - (-11 - -32).
-11
4 - (10 - 3) - (1 - -1)
-5
What is 29 + -1 + 1 + -1 + (-171 - -168)?
25
What is the value of -32 + (0 - -5) - -10?
-17
(0 + 3 - 12) + -14 + 4
-19
12 - 0 - (-2 - -15 - 11)
10
Calculate 0 + -1 - -20 - (-56 + 59).
16
What is the value of 9 - (-17 + (-19 - -47))?
-2
What is -13 + 17 + (-3 - (4 + -17)) + 2?
16
What is the value of -1 - (-8 + 11 + -6 - (-4 - -5))?
3
What is the value of 9 - (-12 + 5) - -19 - 6?
29
What is -23 + (-8 - -12) - -30?
11
What is the value of -2 + -1 + 3 + (-1 - -1 - -5)?
5
Calculate 8 - (1 + -9 - (100 + -107)).
9
What is -4 + (25 - (-10 + 9 + 10))?
12
-12 - (-26 + 18 - 24)
20
What is the value of -11 + (-3 - -16 - 15)?
-13
What is the value of 17 - (-4 + (0 - 7 - -7 - -8))?
13
Calculate 15 - (-9 - (1 - 2)) - 8 - -8.
23
Calculate -11 + 1 - ((-5 - 108) + 93).
10
What is (26 - 15) + -3 + -33 + 2?
-23
Calculate 47 + -57 + (-4 - (-4 - -5)).
-15
What is 26 + -58 + 5 + -3 + 2 + -1?
-29
What is the value of (-6 - (8 + -7) - -14) + 0?
7
What is the value of 5 - (15 - 15) - 12?
-7
(-28 - 48) + 44 - -3
-29
What is 76 + -45 + -2 + -4?
25
Calculate 12 + (3 - (7 + (12 - 10))).
6
8 + (-12 - (-26 - (2 + -19)))
5
Calculate 8 + 17 + (16 - 8) + -16.
17
What is the value of -10 - (-7 + -10 - (7 + 1))?
15
-3 - (-6 + 6 - -14)
-17
Evaluate (-4 - -15) + (-8 - 5) + 0.
-2
11 + (-8 - 3) - -7 - 3
4
What is the value of 308 + -320 - ((-45 - -1) + 0)?
32
What is 7 + -1 + (-9 - (-10 - -12 - 0))?
-5
What is (-12 - (9 - 31)) + -26?
-16
Calculate 15 - (18 + -14 + 5).
6
Calculate 23 + (29 - 60) - 18.
-26
What is (1 - 0) + (-2 - (5 - 1 - 5))?
0
What is -8 - ((-28 - (3 - 10)) + 5) - 2?
6
What is 1 + (10 - 14 - (8 - -2))?
-13
0 + -3 + -6 + 1 + -3
-11
-19 - ((3 - (-1 - -3 - -8)) + 4)
-16
Evaluate -9 + 5 + -3 + (-33 + 57 - 31).
-14
Calculate -6 + 0 - (-27 + -31 + 75).
-23
What is -22 - -44 - (-44 - -30)?
36
Calculate (4 - -5 - 6) + -3 + -26 - 0.
-26
13 - (19 - 7 - 10 - (-1 + 11))
21
What is -34 + -1 + 24 + -13?
-24
What is (0 - -32 - 7) + -4?
21
Evaluate -26 - (-14 + 2 + -22).
8
Calculate (8 - -2 - 0) + (2 + 0 - 5).
7
Calculate 17 + 2 + -19 + (3 - -7).
10
What is the value of 5 - -3 - (27 + -12 + -13) - 5?
1
127 + -109 - (-3 + 15)
6
What is the value of 8 - (1 + -6 - (-17 - (10 + -20)))?
6
Evaluate 1 - (-21 + 17 - (-2 - 8)) - -25.
20
What is (-3 - -21) + -3 + (-218 - -217)?
14
What is the value of -9 + 2 + 0 + (35 + 5 - 17)?
16
What is 38 - 1 - (551 - 526)?
12
What is the value of 4 + 14 - (149 - 131)?
0
What is the value of 2 - (-5 - 6) - (-118 + 91)?
40
Evaluate -21 - -14 - (3 + (2 - 26)).
14
Calculate 7 - (19 + -41 - -29 - (0 - -17)).
17
What is the value of 3 + -11 - (-1 + -2 + 3 + -4)?
-4
Evaluate -27 + 0 + 9 + (-24 - (-8 - 5)).
-29
Evaluate 16 - ((18 - 6) + 4 - -26).
-26
What is (-41 - -58) + 18 - 20?
15
Calculate 6 - (-10 - (7 - 1 - 6)).
16
What is the value of -10 - (9 + (-17 - 1)) - (-1 + -31)?
31
Calculate 9 - (23 + -27 - 8).
21
Evaluate (2 - 8) + 23 + -75 + 27.
-31
4 - (-13 - ((5 - 17) + 2))
7
Evaluate (32 - 55) + (8 - (4 + -6)).
-13
What is 5 + -1 + (-8 + 4 - 4)?
-4
What is 14 + (-7 - 1) + (15 - 17)?
4
Calculate -23 - (1 + (6 - 8)).
-22
What is 17 - ((14 - -19) + 20 + 4)?
-40
What is 16 + -13 + (-6 - -9) + 2?
8
Evaluate -5 - -1 - (313 + -325) - 27.
-19
Calculate 4 - ((-23 - -18) + -1 + 2 - -20).
-12
Calculate (11 - 9) + (6 - 17) - -1.
-8
What is (-64 + (-16 - -25) - -4) + 14?
-37
Evaluate 22 + (3 - 6) - (-28 - -19).
28
What is (33 - 21) + -9 + 3 + -9?
-3
What is the value of -1 - (-24 + 18 + (0 - (-7 - -7)))?
5
Calculate (-1 - (4 + (6 + 0 - 5))) + -4.
-10
-1 + 5 + -6 - (-158 - -156)
0
What is -2 - (3 + 10 - 0) - (233 + -242)?
-6
Evaluate (7 + (-3 - 7) - -17) + -4.
10
Calculate (4 - 4) + (104 - 109).
-5
What is 18 + -27 - (-3 - (-14 + 7))?
-13
Evaluate 0 - 7 - (-11 + 9 + -19 + 30).
-16
Calculate -35 + 0 + 1426 + -1414.
-23
Evaluate -37 + -2 + -6 + 22 - (2 + -1).
-24
Calculate -1 - (6 - (2 + -4 + 3 + 2)).
-4
(-14 - (-23 + 11)) + (4 - -18)
20
Evaluate 4 + (-4 - (9 - 7 - -6)).
-8
Evaluate -3 + (97 - 105) + (3 - -19).
11
-3 + 8 - 3 - (2 - -4) - 10
-14
Evaluate (8 - -2 - -2) + (-31 - 18) + 14.
-23
9 + -4 + (11 - (4 - 9))
21
(1 + 1 - 4) + (206 - 209)
-5
Evaluate 19 + (-33 - -1) + 21.
8
Calculate 700 - 694 - (1 + -7).
12
Evaluate 2 + 0 + (1 - (-2 + 0)) + 3.
8
Calculate (-6 - -6) + (2 - 8).
-6
Calculate -3 + (2 - -5) + -2 + (-8 - -11).
5
Evaluate -40 - -25 - -25 - 27.
-17
Evaluate -4 - ((-2 - 1 - -5 - 5) + -11).
10
What is -5 + 8 + (5 - 12) + -3 + 18?
11
(1 - 21) + -538 + 570
12
What is the value of -5 - (9 + (-32 - 6 - -7))?
17
Calculate (52 - 72) + (25 - 1).
4
What is 1 + -3 - -7 - (-3 + 17 + 4)?
-13
What is (-1 - (-4 + 5)) + (-2 - (-3 - -4))?
-5
What is the value of (0 - 32) + (1502 - 1495)?
-25
Calculate -28 - -13 - (-30 - (5 + 9)).
29
What is the value of 9 + 1 + (-11 + -6 - -37)?
30
Evaluate -10 + (-5 + -4 - (-4 - 2)) + 6.
-7
Calculate 5 - (7 + 17 - 7 - 10).
-2
What is 22 + -14 + 12 - 33?
-13
What is 8 + 5 + -7 + 0 + -2 + -6?
-2
Calculate (-23 - 0) + -10 + (5 - -2) + 9.
-17
Evaluate 15 + -18 - (-9 + (3 - (-2 + 8))).
9
Evaluate 16 + -34 + -4 + 19.
-3
Calculate (81 - 86) + (-2 - -1) - 0.
-6
7 - (1 + -7 - (-7 + -29 - -36))
13
What is 23 - (-9 - -3 - -5) - (3 - 3)?
24
What is the value of (1 - (-2 - 2)) + 0 - (-5 + 19)?
-9
Calculate -2 + 18 - (188 + -161).
-11
Evaluate -518 + 529 + 5 + 0.
16
Calculate -30 + -20 + 26 + 38.
14
What is the value of -11 + 9 + -3 + -3 + -3 + 9?
-2
Calculate -7 + (-5 - 0 - -5) + -1.
-8
What is -9 + (14 - 16) + 4 + 20?
13
Evaluate 30 + -24 - (-5 + 10 + 12 - -3).
-14
What is -3 + (1 - (1 - 6 - 1)) + 7?
11
Calculate -16 - (-4 + (0 - (5 + (5 - 5)))).
-7
What is -5 + (-30 - -52) + -43?
-26
Evaluate -1 + (1 - -4 - 1) + -4.
-1
(-14 - (8 - 32) - 16) + 13 + 1
8
1 + (0 + -3 - (16 + -9 + 3))
-12
Evaluate -1 - ((-10 - -17 - 0) + -13).
5
(1 - (-2 - -6)) + (5 - 14 - -12)
0
What is the value of -78 + 86 + (3 - (0 + (-3 - -3)))?
11
What is 0 + 6 + -4 + -4 - 2?
-4
Evaluate 34 + (-4 - 26) - (36 - 1).
-31
43 + (15 - 31) + -19
8
What is the value of 26 - (-156 - -154 - (2 - 18))?
12
What is the value of (23 - 16) + -4 + 1?
4
Evaluate (8 - 1 - (28 - 26)) + -12.
-7
What is the value of (-11 - -5) + -120 + 123?
-3
What is -53 - (36 + -28 - 30)?
-31
What is (0 - (5 + 0 + -2)) + (-14 - -18)?
1
Evaluate 4 + -10 + (-7 - -9) + 7.
3
Calculate (0 - (0 + (5 - 3))) + 7 + 0.
5
(-9 - 5) + 20 + -6
0
What is -3 + 1 + (35 + -39 - -16)?
10
-11 + 21 + -10 + 6
6
What is 8 + -6 + -1 - -3?
4
Evaluate 0 + 2 + (-33 - -3 - -21).
-7
Calculate -21 - ((-16 - -25) + -16).
-14
What is the value of 53 + -57 - (30 - -4 - -2)?
-40
What is the value of (-5 - -11 - -4) + 0 + -12?
-2
What is 55 + -48 + (-3 - 2) + 9?
11
Evaluate (0 - 2) + 9 + (8 - 9).
6
What is the value of 12 - 45 - -24 - (0 + -3) - 14?
-20
What is the value of -4 + 0 - (-6 - (-3 - (8 + -4)))?
-5
What is the value of -1 - (-5 + ((5 - 3) + 0 - 7))?
9
Calculate 9 - (-11 - 4 - (-8 + (13 - 9))).
20
What is 1 + -13 + -13 + 17 - (3 + -6)?
-5
(-9 - -9) + (-6 - -19) + 9
22
10 + -33 + -25 + 53
5
What is 9 + -13 + 7 + 10 + -13?
0
What is (-6 - ((-6 - -5) + -7)) + -3 + -21?
-22
Evaluate -21 - (-10 + -12 - -8).
-7
What is the value of (-3 - 8) + (25 - (-36 - -12))?
38
7 + -5 + -1 + -1 - (-8 - 5)
13
4 + -10 + (-2 - 26 - -29)
-5
What is the value of 18 - (-1 - 20 - -26)?
13
(-16 - (1 + -10 + 10 + -3)) + 1
-13
(-6 - -23 - 5) + -6
6
What is -19 - -15 - (15 + 1)?
-20
-47 + (-25 - (-61 + -11))
0
What is the value of 0 - (-1 + -3 + -1 + 27 + -19)?
-3
Evaluate (-21 - -37) + (4 - 24).
-4
Evaluate -3 + 18 + -11 + -13 + 0.
-9
Evaluate 20 + 0 + -5 - ((15 - 5) + -18).
23
Evaluate 21 + -32 - (1 - (-7 + 6)).
-13
What is the value of 36 + (-4 - (4 - (-19 + 13)))?
22
What is the value of -19 + 10 + 16 + -4?
3
Evaluate (-3 - 2 - -1) + (6 - -9 - 3).
8
-31 - (-10 - -3) - -17
-7
What is 15 + (1 - -9 - 25)?
0
Calculate -39 + (8 + 0 - (-63 - -60)).
-28
What is (10 - (-15 + 7 + 28)) + 37?
27
-3 + 2 - (-8 - (-12 - -1) - 6)
2
What